/(-1) + -2. Suppose -3*y + 3*q + 39 = 0, 0 = 2*y - 4*y + 3*q + 27. What is the remainder when ((-161)/28)/(g/(-4)) is divided by y?
11
Let p(l) = -l**3 - 8*l**2 - 8*l - 3. Let z be p(-7). Suppose -a = 2*d - 17, -z*a + 26 = -0*d + d. Calculate the remainder when 20/3*(-3 + d) is divided by 7.
6
What is the remainder when 99 is divided by (4 - 6) + 24 + -2?
19
Let n be (-3 - 4/(-1))*11. Let i = n + -5. Calculate the remainder when 22 is divided by i.
4
Let p(o) = o**3 - 4*o**2 + 5*o - 3. Let x be p(3). Suppose -y + 4*g + 12 + 25 = 0, x*y - 3*g - 66 = 0. Calculate the remainder when 32 is divided by y.
15
Let t = -67 + 127. Calculate the remainder when t is divided by 32.
28
Let o(j) = -j. Let k be o(-2). Let p(n) = n**3 + n**2 - 3*n + 2. Calculate the remainder when p(3) is divided by 19/k + (-4)/(-8).
9
Suppose o - 269 = -5*q, -4*q - o = -148 - 68. What is the remainder when q is divided by 18?
17
Suppose 626 - 8 = 2*g. What is the remainder when g is divided by 52?
49
Let w(o) = -o**2 + 5*o - 2. Let u be w(4). Let y = u + 17. What is the remainder when y is divided by 7?
5
Let u = 5 + 8. Let l(w) = -w**3 + 13*w**2 + 4*w - 19. Suppose -2*m = -4*m + 24. Calculate the remainder when l(u) is divided by m.
9
Let q(v) = 4*v**2 - 3*v + 0 - 2*v**2 - 3. Let t be -1*-2*(-9)/(-6). What is the remainder when 11 is divided by q(t)?
5
Let q = 29 - -39. Suppose -3*k - 8 = k, 3*x - 5*k - 16 = 0. Suppose -5*b + 117 = 2*m + x*m, 3*m = -4*b + 89. What is the remainder when q is divided by m?
22
Let w = 153 - 63. Calculate the remainder when w is divided by 23.
21
Suppose 0 = 5*y - 6 - 69. Let z(m) = -m**3 + 8*m**2 - 17. What is the remainder when z(5) is divided by y?
13
Let d = 29 - 21. Suppose -t + d + 10 = r, -r = -t - 10. What is the remainder when r is divided by 8?
6
Let q(a) = -a - 1. Let i be q(-4). Suppose 0*d + i*d - 18 = 0. What is the remainder when 16 is divided by d?
4
What is the remainder when ((-6)/(-4))/((3/14)/1) is divided by 4?
3
Suppose 0 = 3*m + 3*n - 45, -8*m + n + 45 = -3*m. What is the remainder when m is divided by 4?
2
Let j = -4 + 9. Let b = -4 + -2. Calculate the remainder when (-48)/b + 0 + 0 is divided by j.
3
Let n(g) = g**3 + g**2 + g - 5. Let h be n(0). Let d = 9 - h. Suppose -3*k + 70 + 50 = 0. Calculate the remainder when k is divided by d.
12
Suppose 10 + 30 = 5*x. Calculate the remainder when 15 is divided by x.
7
Suppose 5*p = p + 144. Suppose 15 + 0 = 3*z. Suppose 0 = z*w - 0*w - 95. Calculate the remainder when p is divided by w.
17
Suppose 0 = 7*b - 90 - 71. What is the remainder when b is divided by 12?
11
Suppose t = 7 - 4. Suppose -t*n + 4*x - 11 = 0, 26 = 2*n + 4*x - 0*x. Suppose n*f - 40 = -2*f. What is the remainder when f is divided by 3?
2
Suppose -17 = 3*x - x - 5*c, 5*c - 20 = 5*x. Suppose 0 = b - 6*b + 30. Calculate the remainder when 1 - (x + -7 + -2) is divided by b.
5
Suppose 0 = -2*b + 10, 5*t + 0*b = 4*b + 165. Calculate the remainder when t is divided by 13.
11
Suppose -3*b - 8 = -125. Let u(s) = -s**2 + 5*s + 16. What is the remainder when b is divided by u(6)?
9
Suppose 3 = v, -4*o + 2*v = -v - 175. What is the remainder when o is divided by 16?
14
Suppose -3 = 3*n - 21. Calculate the remainder when 0/(0 - 2) + 21 is divided by n.
3
Let v(a) = 2*a**2 + 14*a - 6. Let m be v(-10). Suppose r = 6*r - 5*i - 25, i + 1 = 0. Suppose -g = -r*g + m. What is the remainder when g is divided by 5?
3
Let x(q) = -q**2 + 7*q - 4. Let u be x(7). Let v = 3 + u. What is the remainder when 33 + v*(-1 + 2) is divided by 11?
10
What is the remainder when ((-42)/(-15))/7 - 789/(-15) is divided by 11?
9
Let k(q) = 2*q**2 + 3*q - 5. Calculate the remainder when 26 is divided by k(-4).
11
Let c(z) = 7*z + 2. Calculate the remainder when 94 is divided by c(2).
14
Let n = 63 - 41. Suppose -4 + 8 = 4*i. Let j = i + 7. What is the remainder when n is divided by j?
6
What is the remainder when 15 is divided by ((-80)/(-32))/(1/4)?
5
Let j(l) = -l**3 - l**2 + 2*l. Let u be j(-3). Suppose s = -3*s - u. Let k(x) = -10*x - 1. Calculate the remainder when k(s) is divided by 10.
9
Suppose 3*s = 5*j + 160, -s = 2*s + 4*j - 115. What is the remainder when 133 is divided by s?
43
Let w(n) = -n + 2. Let q be w(5). Let z = 4 - 7. What is the remainder when 9 is divided by (0 - q)/(z/(-5))?
4
Let h(f) = -f**2 + f + 15. Let t(r) = -r**2 - 14*r + 18. Calculate the remainder when t(-12) is divided by h(0).
12
Suppose -t = 5*b + t + 134, 5*b + 143 = t. Let n = b + 52. Let y = n - -21. What is the remainder when y is divided by 12?
9
Let i = -12 - -49. Calculate the remainder when i is divided by 15.
7
Let a = 152 - 100. What is the remainder when a is divided by 14?
10
Let b(i) = -25*i - 2. Let y(u) = u**2 + 3*u - 37. Calculate the remainder when b(-4) is divided by y(7).
32
Calculate the remainder when (0 + -2)*78/(-4) is divided by 10.
9
Suppose 2*z - 5*z - 69 = 0. Let q = z + 4. Let c = q + 33. Calculate the remainder when c is divided by 8.
6
Let w(r) = 2*r**2 + 9*r + 12. What is the remainder when 49 is divided by w(-5)?
15
Calculate the remainder when (189/7)/(-9)*26/(-6) is divided by 2.
1
Suppose 0*y + 13 = y. What is the remainder when (-5)/(-1 - (-12)/15) is divided by y?
12
Suppose 2*v = 3*v - 45. What is the remainder when v is divided by 24?
21
Let a(v) = -v**3 - 12*v**2 - 14*v - 15. Let g be a(-11). Suppose -h + g = h. Let w(k) = 3*k**2 + 4*k - 3. Calculate the remainder when w(2) is divided by h.
8
Let i(a) = -a**3 - 5*a**2 - 5*a - 3. Let t = -9 - -8. Calculate the remainder when t/3 + (-4)/(-3) is divided by i(-4).
0
What is the remainder when (-678)/(-24) - (-2)/(-8) is divided by 16?
12
Let b(c) = -13*c**3 - 17*c**2 + 25*c - 25. Let k(z) = 3*z**3 + 4*z**2 - 6*z + 6. Let m(n) = 2*b(n) + 9*k(n). Calculate the remainder when m(3) is divided by 13.
11
Suppose 5*x - 15 = h + 15, -2*h - 6 = -x. Suppose 11 = -w - 12. Let m = 33 + w. What is the remainder when m is divided by x?
4
Let y(x) = -4*x - 5. Calculate the remainder when (-2 + 5)*(-84)/(-9) is divided by y(-5).
13
Suppose 0 = 2*y - 5*h - 46, 3*y + 14 - 33 = -5*h. Calculate the remainder when 50 is divided by y.
11
Let j(w) = 6*w - 23. Calculate the remainder when 89 is divided by j(9).
27
Suppose 4*o + 10 = 42. Suppose 8*g - 81 = 87. Calculate the remainder when g is divided by o.
5
Suppose -48 = -3*g - g. What is the remainder when 58 is divided by g?
10
Let s be (3 - 2)/(3/(-15)). Let b be (-16)/10*s/1. Suppose -5*z + 32 = -b. Calculate the remainder when 15 is divided by z.
7
Let t(w) = -w + 3. Let h(g) = -2*g + 2. Let u be h(-3). Calculate the remainder when -4*((-14)/u + 1) is divided by t(2).
0
Let w be (2/(-2))/(1/24). Let l(h) = -4*h - 25. Calculate the remainder when l(-13) is divided by 2 - (-1)/((-2)/w).
13
Let l = 0 - -17. What is the remainder when l is divided by (10 - (-230)/(-20))*(-14)/3?
3
Let o(w) = -6*w**2 - 6*w - 1. Let y be o(-4). Let h be 42/(-1) + (3 - 0). Let x = h - y. Calculate the remainder when x is divided by 12.
10
Suppose 4*f = n - 104, -2*n - 3*f = -4*n + 193. What is the remainder when n is divided by 32?
28
Suppose s = 3*m - 4*s - 77, 3*m + 2*s - 91 = 0. What is the remainder when m is divided by 8?
5
Let m be 7/(-21)*(-10 + -2). Suppose -190 = -9*u + m*u. What is the remainder when u is divided by 10?
8
Let r(y) = y**2 + 11*y - 14. What is the remainder when 81 is divided by r(-13)?
9
Suppose 3*v - 3*z = 7*v - 26, 0 = 4*z - 8. Let k = v - 5. Suppose g + k = 2. Calculate the remainder when 5 is divided by g.
1
Suppose -q - 3*p + 6 = -6*p, 3*q = -p - 12. Let a = -19 + 29. Calculate the remainder when a is divided by (12/14)/(q/(-21)).
4
Let z = 6 + -7. Let j = 3 + z. What is the remainder when j is divided by 2?
0
Suppose -2*b + 7*b = 90. Let k be (-4)/(-5)*(-10)/(-2). Suppose n + 156 = k*n. What is the remainder when n is divided by b?
16
Let o = -73 - -90. Calculate the remainder when 66 is divided by o.
15
What is the remainder when 1 + 265/(-20)*-4 is divided by 14?
12
Let u(j) = 5*j - 19. Let v(y) = 3*y - 13. Let x(q) = 5*u(q) - 8*v(q). What is the remainder when x(-4) is divided by 3?
2
Suppose 0 = -g + 14*g - 65. Calculate the remainder when g is divided by 1.
0
Let l = 14 + -8. Let i be -2 + 1 - (-1380)/l. Suppose -6 - i = -5*t. Wha